 divided by 108?
81
What is the remainder when 399 is divided by 16?
15
What is the remainder when 144 is divided by 20?
4
Calculate the remainder when 254 is divided by 5.
4
Calculate the remainder when 56 is divided by 9.
2
What is the remainder when 16892 is divided by 24?
20
Calculate the remainder when 315 is divided by 97.
24
Calculate the remainder when 727 is divided by 73.
70
What is the remainder when 494 is divided by 15?
14
Calculate the remainder when 65 is divided by 15.
5
Calculate the remainder when 355 is divided by 74.
59
What is the remainder when 85 is divided by 62?
23
Calculate the remainder when 8351 is divided by 32.
31
What is the remainder when 369 is divided by 188?
181
What is the remainder when 3121 is divided by 59?
53
What is the remainder when 3186 is divided by 11?
7
Calculate the remainder when 795 is divided by 47.
43
Calculate the remainder when 438 is divided by 89.
82
Calculate the remainder when 48382 is divided by 108.
106
What is the remainder when 14821 is divided by 218?
215
Calculate the remainder when 104 is divided by 27.
23
What is the remainder when 1171 is divided by 14?
9
Calculate the remainder when 3329 is divided by 46.
17
Calculate the remainder when 2712 is divided by 130.
112
Calculate the remainder when 253 is divided by 16.
13
What is the remainder when 126 is divided by 64?
62
What is the remainder when 1796 is divided by 38?
10
Calculate the remainder when 137 is divided by 22.
5
Calculate the remainder when 547 is divided by 9.
7
What is the remainder when 7709 is divided by 10?
9
What is the remainder when 1104 is divided by 109?
14
Calculate the remainder when 5054 is divided by 6.
2
What is the remainder when 198 is divided by 100?
98
What is the remainder when 203 is divided by 41?
39
Calculate the remainder when 886 is divided by 187.
138
What is the remainder when 268 is divided by 68?
64
Calculate the remainder when 802 is divided by 67.
65
Calculate the remainder when 3343 is divided by 14.
11
What is the remainder when 146 is divided by 49?
48
What is the remainder when 3777 is divided by 36?
33
Calculate the remainder when 2605 is divided by 237.
235
Calculate the remainder when 1931 is divided by 41.
4
What is the remainder when 207 is divided by 52?
51
Calculate the remainder when 1370 is divided by 28.
26
What is the remainder when 105 is divided by 26?
1
What is the remainder when 1945 is divided by 14?
13
What is the remainder when 248 is divided by 18?
14
Calculate the remainder when 229 is divided by 46.
45
Calculate the remainder when 264 is divided by 5.
4
Calculate the remainder when 7 is divided by 6.
1
Calculate the remainder when 1077 is divided by 204.
57
What is the remainder when 1074 is divided by 86?
42
What is the remainder when 135 is divided by 10?
5
Calculate the remainder when 160 is divided by 90.
70
What is the remainder when 1452 is divided by 45?
12
Calculate the remainder when 1998 is divided by 169.
139
Calculate the remainder when 167 is divided by 150.
17
Calculate the remainder when 62 is divided by 13.
10
Calculate the remainder when 16 is divided by 5.
1
What is the remainder when 440 is divided by 90?
80
Calculate the remainder when 1492 is divided by 14.
8
Calculate the remainder when 304 is divided by 144.
16
What is the remainder when 109 is divided by 56?
53
Calculate the remainder when 870 is divided by 41.
9
Calculate the remainder when 94 is divided by 16.
14
Calculate the remainder when 196 is divided by 70.
56
What is the remainder when 333 is divided by 88?
69
What is the remainder when 999 is divided by 40?
39
Calculate the remainder when 43 is divided by 22.
21
What is the remainder when 234 is divided by 60?
54
What is the remainder when 2563 is divided by 57?
55
What is the remainder when 70 is divided by 18?
16
What is the remainder when 964 is divided by 14?
12
Calculate the remainder when 102 is divided by 18.
12
Calculate the remainder when 564 is divided by 81.
78
Calculate the remainder when 346 is divided by 84.
10
What is the remainder when 25 is divided by 17?
8
Calculate the remainder when 848 is divided by 836.
12
What is the remainder when 880 is divided by 149?
135
Calculate the remainder when 260 is divided by 33.
29
What is the remainder when 127 is divided by 11?
6
What is the remainder when 51 is divided by 6?
3
What is the remainder when 1178 is divided by 131?
130
What is the remainder when 234 is divided by 4?
2
Calculate the remainder when 211 is divided by 163.
48
Calculate the remainder when 419 is divided by 53.
48
What is the remainder when 37 is divided by 36?
1
Calculate the remainder when 26557 is divided by 64.
61
What is the remainder when 331 is divided by 325?
6
Calculate the remainder when 4812 is divided by 107.
104
What is the remainder when 735 is divided by 56?
7
What is the remainder when 794 is divided by 52?
14
What is the remainder when 775 is divided by 15?
10
Calculate the remainder when 1205 is divided by 294.
29
What is the remainder when 155 is divided by 6?
5
What is the remainder when 557 is divided by 51?
47
What is the remainder when 78 is divided by 9?
6
What is the remainder when 138 is divided by 75?
63
What is the remainder when 1260 is divided by 88?
28
What is the remainder when 1335 is divided by 122?
115
What is the remainder when 140 is divided by 72?
68
Calculate the remainder when 127 is divided by 13.
10
What is the remainder when 123 is divided by 31?
30
Calculate the remainder when 217 is divided by 64.
25
Calculate the remainder when 111 is divided by 98.
13
What is the remainder when 707 is divided by 256?
195
Calculate the remainder when 251 is divided by 79.
14
What is the remainder when 114 is divided by 41?
32
Calculate the remainder when 3264 is divided by 5.
4
What is the remainder when 50 is divided by 16?
2
Calculate the remainder when 736 is divided by 285.
166
Calculate the remainder when 1825 is divided by 22.
21
What is the remainder when 1270 is divided by 1261?
9
What is the remainder when 105 is divided by 11?
6
Calculate the remainder when 162 is divided by 15.
12
Calculate the remainder when 194 is divided by 40.
34
Calculate the remainder when 602 is divided by 155.
137
What is the remainder when 171 is divided by 84?
3
Calculate the remainder when 1409 is divided by 158.
145
Calculate the remainder when 704 is divided by 103.
86
What is the remainder when 249 is divided by 37?
27
Calculate the remainder when 9901 is divided by 14.
3
Calculate the remainder when 902 is divided by 70.
62
What is the remainder when 537 is divided by 176?
9
Calculate the remainder when 235 is divided by 69.
28
Calculate the remainder when 713 is divided by 144.
137
Calculate the remainder when 75 is divided by 15.
0
Calculate the remainder when 8618 is divided by 4302.
14
What is the remainder when 278 is divided by 97?
84
Calculate the remainder when 922 is divided by 117.
103
What is the remainder when 255 is divided by 28?
3
Calculate the remainder when 312 is divided by 142.
28
Calculate the remainder when 77 is divided by 26.
25
Calculate the remainder when 82 is divided by 26.
4
Calculate the remainder when 3438 is divided by 31.
28
What is the remainder when 560 is divided by 183?
11
Calculate the remainder when 187 is divided by 14.
5
What is the remainder when 45 is divided by 21?
3
What is the remainder when 114 is divided by 101?
13
What is the remainder when 582 is divided by 45?
42
Calculate the remainder when 295 is divided by 24.
7
What is the remainder when 400 is divided by 6?
4
Calculate the remainder when 7768 is divided by 25.
18
What is the remainder when 1021 is divided by 40?
21
What is the remainder when 1370 is divided by 118?
72
Calculate the remainder when 1794 is divided by 15.
9
What is the remainder when 116 is divided by 7?
4
What is the remainder when 168 is divided by 20?
8
Calculate the remainder when 107 is divided by 63.
44
Calculate the remainder when 91 is divided by 46.
45
What is the remainder when 74 is divided by 19?
17
Calculate the remainder when 119 is divided by 9.
2
What is the remainder when 367 is divided by 17?
10
What is the remainder when 50 is divided by 16?
2
What is the remainder when 355 is divided by 2